of 154 and w.
14
Let d = -50 + 54. What is the greatest common factor of d and 32?
4
Suppose 0 = 4*o - 3*o + 30. Let q be o/(-1)*(-4)/(-10). Let t = 78 + -30. Calculate the highest common divisor of q and t.
12
Suppose w - 9 = -2*w - 3*p, 1 = -2*w + 5*p. Let i be 2 - 11*(w - 3). What is the greatest common factor of i and 104?
13
Let o = 131 - 86. Let b = -31 + o. Let k = 19 - 5. Calculate the highest common factor of k and b.
14
Suppose 130 = 5*a - 3*a. Suppose -4*h + 34 = -18. What is the highest common divisor of h and a?
13
Let o(s) = -164*s - 6. Let h be o(-7). Let t be 4/12 - h/6. Let k = -94 - t. What is the highest common divisor of k and 12?
12
Let g = 55 - 29. What is the highest common divisor of g and 286?
26
Suppose -3*n + 6*n - 360 = 0. Let t = 169 - n. What is the highest common factor of t and 7?
7
Suppose -4*k - 54 = -7*k - 4*z, -3*k - z = -54. Calculate the greatest common divisor of 18 and k.
18
Let i = -24 - -49. Suppose -u - 4 = -29. Calculate the highest common divisor of u and i.
25
Let f be 8/12 + 572/6. Calculate the highest common divisor of f and 8.
8
Let y be (3/(-6))/(1/(-50)). Let p = 37 - y. Suppose 3*u - 2*v - 52 = 0, 0*u + 55 = 3*u + v. What is the greatest common factor of p and u?
6
Let b be (-20)/(-1) - (-5 - -8). Suppose 0 = -2*n + 13 - 5. Suppose -5*j + 421 = 4*c + 69, -n*c + 216 = 3*j. Calculate the highest common factor of j and b.
17
Suppose -14 = -2*a + h, 0*a + 4*h = 2*a - 20. Let b(x) = 7*x**2 + x + 6. Let y be b(a). Calculate the highest common factor of 24 and y.
24
Suppose -4*l - 4*g + 955 + 181 = 0, -l + 299 = 4*g. Calculate the greatest common divisor of l and 31.
31
Let l be -2*(3 + 1*-8). Calculate the greatest common divisor of l and 25.
5
Let u(z) be the second derivative of -z**3/6 - z**2/2 - z. Let v be u(-5). Suppose v*w - 3*w - 12 = 0. What is the highest common divisor of w and 132?
12
Let n(r) = 2*r**2 - 10 + 0*r**2 - 5*r**2 + 4*r**2. Let s be n(-8). What is the highest common divisor of 6 and s?
6
Let d(v) = -v**3 + 16*v**2 - 15*v + 20. Let n be d(15). Suppose -6*x = -4*x - n. Calculate the greatest common divisor of x and 10.
10
Let n(y) = 89*y + 1. Suppose -i + 4 = 3*i. Let q be n(i). Calculate the greatest common divisor of 10 and q.
10
Let j be 0/(2 + -2 + 2). Suppose -3*y + 61 - 22 = j. What is the greatest common divisor of y and 117?
13
Suppose 0 = 2*f - f - 6. What is the highest common divisor of 66 and f?
6
Suppose -5*f + 21 = 2*l, 5*f = 2*f - 3*l + 18. Suppose 0 = j + 4, -q + j - 128 = -5*q. Calculate the greatest common divisor of f and q.
3
Suppose -5*s - 2175 = -0*s. Let b = -259 - s. What is the highest common divisor of 16 and b?
16
Let p be (-227)/(-5) - 3/15*2. Calculate the highest common factor of p and 5.
5
Let y be -3 + 4/(4/3). Suppose -2*z + k + 182 = y, -7*z - 4*k + 442 = -2*z. What is the greatest common factor of 10 and z?
10
Let l = 138 + -58. Let o(u) = 3*u**2 + 3*u - 2. Let m be o(2). What is the greatest common divisor of m and l?
16
Suppose -3*p + 5 = 2*p. What is the greatest common factor of p and 5?
1
Let m be (-18)/5*(-20)/6. Let f be ((-76)/12)/((-1)/m). What is the highest common factor of 19 and f?
19
Let c = 1 + 2. Suppose -3*b + 9 = y, -6*b + 15 = -b. Suppose -c*u = y, -3*q + 18 = -2*u - u. What is the greatest common factor of q and 30?
6
Let t(q) = 4*q**2 + q + 2. Let y be t(-3). Calculate the highest common factor of 35 and y.
35
Suppose -262 = -11*v + 816. Calculate the highest common factor of v and 14.
14
Suppose 4*m - 535 = -91. Suppose 291 = 5*p + m. Suppose -2*l = -4*f + 46, -2*f + 2*l + 29 = 1. Calculate the highest common factor of p and f.
9
Suppose -5*g = -25 - 85. What is the highest common factor of g and 33?
11
Let j(z) = 5*z - 5. Let f be j(8). What is the greatest common factor of f and 14?
7
Let j(f) = -5*f + 35. Let n be j(4). Suppose 2*x + 2*y = -0*y + 334, 5*y = 5*x - 815. What is the greatest common factor of x and n?
15
Let z be (-22 - -1)/(6/(-6)). Let n = -19 + z. Calculate the highest common factor of 4 and n.
2
Let y be (-1 - 35/(-15))/(8/84). Let i(s) = -13*s**3 - 2*s**2 - 2*s - 2. Let x be i(-2). Calculate the greatest common factor of y and x.
14
Suppose -g - 63 = -2*g. What is the greatest common divisor of 9 and g?
9
Suppose -3*b = -0*b - 267. Let v = 138 - b. Calculate the greatest common divisor of 7 and v.
7
Suppose -6*l + 7*l - 25 = 0. What is the greatest common divisor of 5 and l?
5
Suppose m - 2*v = -4*v - 16, m = 3*v + 9. Let b = 12 + m. Calculate the highest common factor of 30 and b.
6
Suppose 4*u - 819 = u. What is the highest common factor of 39 and u?
39
Let t be -7 + 8 + 1 + 6. What is the highest common divisor of t and 40?
8
Let s = 13 - 22. Let g = 23 + s. Let i(w) = -w**2 - 8*w + 2. Let r be i(-6). What is the greatest common divisor of r and g?
14
Let k = 153 + -102. Calculate the greatest common divisor of 17 and k.
17
Let o = 12 - 0. Let f be 13505/(-20) + (-2)/(-8). Let s be (8/10)/((-5)/f). Calculate the highest common divisor of s and o.
12
Let z(v) = -v**2 - 9*v - 8. Let r(t) = t**2 + 4*t - 7. Let i be r(-4). Let x be z(i). Calculate the greatest common factor of 15 and x.
3
Let w be (70/8)/((-4)/(-16)). Calculate the highest common divisor of w and 5.
5
Let u(l) = -l + 6. Let t be u(6). Let p(f) = 2*f - 1. Let s be p(3). Suppose t*k = 5*c - s*k - 560, 0 = -3*k. Calculate the greatest common divisor of 14 and c.
14
Let s = 26 + 145. Calculate the highest common divisor of 19 and s.
19
Let f = -11 - -17. Calculate the highest common factor of 66 and f.
6
Let j(c) = -31*c + 11. Let w be j(5). Let b be 3 + (-2 + 2 - w). What is the greatest common divisor of b and 21?
21
Let h be (-13)/(-4) - 1/4. Suppose -4*b + 2*b = -5*t - 58, 5*t + 62 = -2*b. Let f = -10 - t. What is the highest common divisor of f and h?
1
Let c be (-1)/3*-3*0. Let k = c - 2. Let a be k/5 + 108/45. Calculate the greatest common divisor of 10 and a.
2
Let w(t) = t**3 + 16*t**2 + 16*t + 18. Let k be w(-15). Let j(i) = 2*i**2 + 4*i - 3. Let d be j(3). What is the greatest common factor of d and k?
3
Let c be -2 + 0 - -4*1. Suppose -3*s = -3*a - 90, -3*a = -0*a - c*s + 93. Let p be a/(-3)*(1 + 0). Calculate the highest common factor of p and 11.
11
Suppose -4*w + 94 = 34. Calculate the greatest common divisor of 5 and w.
5
Let b be 19/((-2 - 0)/(-4)). Let x be 8/(-7) - 814/(-14). Calculate the greatest common divisor of b and x.
19
Let s be 14/(-2 - 7/(-3)). Let w be 3 + (-6)/3 - -27. What is the greatest common factor of w and s?
14
Let x be (-1)/2 - ((-1885)/10 + -4). What is the greatest common divisor of x and 24?
24
Suppose -2*i + 14 = -8. What is the highest common factor of i and 121?
11
Let f be (15/6)/((-10)/(-24)). Suppose -5*u - 49 = -f*u. What is the highest common divisor of 7 and u?
7
Let x = 41 + -30. Let k(b) = -b**2 + 5*b + 1. Let w be k(5). Calculate the highest common factor of x and w.
1
Let z be 26/6*9 + 4. Calculate the greatest common divisor of z and 43.
43
Let l = -5 + 31. Let f = l + 158. Suppose 0*v + w = -4*v + 94, 113 = 5*v - w. What is the highest common factor of v and f?
23
Let v(o) = 2*o**2 + 8*o. Let i be v(-6). What is the greatest common factor of 6 and i?
6
Suppose 4*d = 188 - 4. Calculate the greatest common factor of 230 and d.
46
Let l = 1 + 1. Suppose 0 = 4*v - 2*i - 50, l*v = -2*i - 2*i. Calculate the highest common factor of v and 90.
10
Let c be 4/(-4) - (53 - 1). Let o = c - -25. Let u be (30/7)/((-2)/o). Calculate the highest common factor of u and 15.
15
Let w(i) = i**2 + 15*i + 28. Let r be w(-15). What is the highest common factor of r and 7?
7
Let j(q) = 2*q + 47. Let v be j(-12). Calculate the greatest common divisor of 184 and v.
23
Let r(w) be the second derivative of -w**4/12 - 2*w**3 - 7*w**2/2 - 3*w. Let o be r(-8). What is the greatest common divisor of 10 and o?
5
Let k(g) = 2 + 14*g**2 - 2*g - g - 5*g**2. Suppose -v = 4*v + 10, 4 = -2*i - 4*v. Let a be k(i). What is the highest common divisor of 48 and a?
16
Let c = 21 - -3. Calculate the greatest common factor of 4 and c.
4
Let i be (18 - 12)*1/1. Calculate the greatest common factor of 3 and i.
3
Suppose 3*a = 4*w - a - 72, 5*w + 5*a - 80 = 0. Calculate the greatest common factor of w and 85.
17
Let u(y) = -8